{"id":100306,"date":"2026-03-20T11:07:41","date_gmt":"2026-03-20T11:07:41","guid":{"rendered":"https:\/\/soydeaqui.ddns.net\/pachuca\/index.php\/producto\/cargador-mini-de-30w-1-usb-c-de-carga-rapida-tecnologia-gan-ii-carga-inteligente-multiple-proteccion-mayor-eficiencia-energetica-tamano-compacto\/"},"modified":"2026-03-20T11:07:42","modified_gmt":"2026-03-20T11:07:42","slug":"cargador-mini-de-30w-1-usb-c-de-carga-rapida-tecnologia-gan-ii-carga-inteligente-multiple-proteccion-mayor-eficiencia-energetica-tamano-compacto","status":"publish","type":"product","link":"https:\/\/soydeaqui.ddns.net\/pachuca\/index.php\/producto\/cargador-mini-de-30w-1-usb-c-de-carga-rapida-tecnologia-gan-ii-carga-inteligente-multiple-proteccion-mayor-eficiencia-energetica-tamano-compacto\/","title":{"rendered":"Cargador Mini de 30W | 1 USB-C de Carga R\u00e1pida | Tecnolog\u00eda GaN II | Carga Inteligente | M\u00faltiple Protecci\u00f3n | Mayor Eficiencia Energ\u00e9tica | Tama\u00f1o Compacto."},"content":{"rendered":"<div style=\"width: 100%; max-width: 1200px; margin: 0 auto; font-family: sans-serif; line-height: 1.6; color: inherit; background-color: transparent;\"><!-- Secci\u00f3n de caracter\u00edsticas principales --> <\/p>\n<div style=\"display: flex; flex-wrap: wrap; gap: 30px; margin-bottom: 30px;\">\n<div style=\"flex: 1 1 300px; min-width: 280px;\">\n<h3 style=\"font-size: 22px; border-bottom: 2px solid currentColor; padding-bottom: 5px; margin-top: 0; color: inherit; opacity: 0.8;\">Caracter&iacute;sticas Principales<\/h3>\n<ul style=\"padding-left: 20px; font-size: 15px; color: inherit;\">\n<li style=\"margin-bottom: 5px;\">Cargador PD3.0 30W certificado PSE&comma; carga tu iPhone 16 Pro al 60% en 30 min (3x m&aacute;s r&aacute;pido que cargadores de 5W)<\/li>\n<li style=\"margin-bottom: 5px;\">Soporta PD3.0&comma; QC3.0&comma; PPS y m&aacute;s protocolos<\/li>\n<li style=\"margin-bottom: 5px;\">Incluye protecci&oacute;n contra sobrecarga&comma; cortocircuitos y sobrecalentamiento<\/li>\n<li style=\"margin-bottom: 5px;\">Materiales resistentes al fuego (UL94-V0)<\/li>\n<li style=\"margin-bottom: 5px;\">Dise&ntilde;o compacto y port&aacute;til<\/li>\n<\/ul><\/div>\n<\/p><\/div>\n<p> <!-- Secci\u00f3n de especificaciones t\u00e9cnicas --> <\/p>\n<div style=\"display: flex; flex-wrap: wrap; gap: 30px; margin-bottom: 30px;\">\n<div style=\"flex: 1 1 300px; min-width: 280px;\">\n<h3 style=\"font-size: 22px; border-bottom: 2px solid currentColor; padding-bottom: 5px; margin-top: 0; color: inherit; opacity: 0.8;\">Especificaciones T&eacute;cnicas<\/h3>\n<ul style=\"padding-left: 20px; font-size: 15px; color: inherit;\">\n<li style=\"margin-bottom: 5px;\"><strong>Salida:<\/strong> 12 V\/2&comma;5 A&comma; 15 V\/2 A&comma; 20 V\/1&comma;5 A<\/li>\n<li style=\"margin-bottom: 5px;\"><strong>Potencia de salida total:<\/strong> 30 W m&aacute;x.<\/li>\n<li style=\"margin-bottom: 5px;\"><strong>Consumo est&aacute;tico:<\/strong> &le; 0&comma;1 W<\/li>\n<li style=\"margin-bottom: 5px;\"><strong>Rango de tensi&oacute;n de salida:<\/strong> &plusmn;5 % de la tensi&oacute;n nominal<\/li>\n<li style=\"margin-bottom: 5px;\"><strong>Ondulaci&oacute;n de salida:<\/strong> &le; 200 mVp-p m&aacute;x.<\/li>\n<li style=\"margin-bottom: 5px;\"><strong>Eficiencia de conversi&oacute;n:<\/strong> Nivel 6 de eficiencia energ&eacute;tica<\/li>\n<li style=\"margin-bottom: 5px;\"><strong>Temperatura m&aacute;xima de la carcasa:<\/strong> 77 &deg;C<\/li>\n<li style=\"margin-bottom: 5px;\"><strong>Temperatura de funcionamiento:<\/strong> -10 ~ 25 &deg;C<\/li>\n<li style=\"margin-bottom: 5px;\"><strong>Temperatura de almacenamiento:<\/strong> -20 &deg;C a 80 &deg;C<\/li>\n<li style=\"margin-bottom: 5px;\"><strong>Altitud de aplicaci&oacute;n:<\/strong> &le; 2000 metros<\/li>\n<li style=\"margin-bottom: 5px;\"><strong>Material de la carcasa:<\/strong> &Iacute;ndice de resistencia al fuego V0<\/li>\n<li style=\"margin-bottom: 5px;\"><strong>Pines USB-C:<\/strong> 16 pines<\/li>\n<\/ul><\/div>\n<\/p><\/div>\n<p> <!-- Secci\u00f3n de protocolos compatibles --> <\/p>\n<div style=\"display: flex; flex-wrap: wrap; gap: 30px; margin-bottom: 30px;\">\n<div style=\"flex: 1 1 300px; min-width: 280px;\">\n<h3 style=\"font-size: 22px; border-bottom: 2px solid currentColor; padding-bottom: 5px; margin-top: 0; color: inherit; opacity: 0.8;\">Protocolos Compatibles<\/h3>\n<ul style=\"padding-left: 20px; font-size: 15px; color: inherit;\">\n<li style=\"margin-bottom: 5px;\">USB-C: PD3.0&comma; PPS<\/li>\n<li style=\"margin-bottom: 5px;\">QC3.0 (3&comma;6 V ~ 12 V)&comma; QC2.0 (5 V\/9 V\/12 V)<\/li>\n<li style=\"margin-bottom: 5px;\">AFC (9 V\/12 V m&aacute;x.&comma; 18 W)<\/li>\n<li style=\"margin-bottom: 5px;\">SCP (10 V\/2&comma;25 A)<\/li>\n<li style=\"margin-bottom: 5px;\">FCP (9 V\/12 V m&aacute;x.&comma; 18 W)<\/li>\n<li style=\"margin-bottom: 5px;\">APPLE 2&comma;4 A&comma; SAMSUNG 5 V\/2 A<\/li>\n<li style=\"margin-bottom: 5px;\">BC1.2 (5 V\/1&comma;5 A)<\/li>\n<\/ul><\/div>\n<\/p><\/div>\n<p> <!-- Secci\u00f3n de protecciones --> <\/p>\n<div style=\"display: flex; flex-wrap: wrap; gap: 30px; margin-bottom: 30px;\">\n<div style=\"flex: 1 1 300px; min-width: 280px;\">\n<h3 style=\"font-size: 22px; border-bottom: 2px solid currentColor; padding-bottom: 5px; margin-top: 0; color: inherit; opacity: 0.8;\">Protecciones<\/h3>\n<ul style=\"padding-left: 20px; font-size: 15px; color: inherit;\">\n<li style=\"margin-bottom: 5px;\">Protecci&oacute;n contra sobretemperatura<\/li>\n<li style=\"margin-bottom: 5px;\">Protecci&oacute;n contra sobretensi&oacute;n (105 %-130 % de la tensi&oacute;n nominal)<\/li>\n<li style=\"margin-bottom: 5px;\">Protecci&oacute;n contra cortocircuito<\/li>\n<li style=\"margin-bottom: 5px;\">Protecci&oacute;n contra sobrecorriente (105 %-135 % de la corriente nominal)<\/li>\n<\/ul><\/div>\n<\/p><\/div>\n<p> <!-- Secci\u00f3n de compatibilidad --> <\/p>\n<div style=\"display: flex; flex-wrap: wrap; gap: 30px; margin-bottom: 30px;\">\n<div style=\"flex: 1 1 300px; min-width: 280px;\">\n<h3 style=\"font-size: 22px; border-bottom: 2px solid currentColor; padding-bottom: 5px; margin-top: 0; color: inherit; opacity: 0.8;\">Compatibilidad<\/h3>\n<ul style=\"padding-left: 20px; font-size: 15px; color: inherit;\">\n<li style=\"margin-bottom: 5px;\">iPhone (incluyendo iPhone 16 Pro)<\/li>\n<li style=\"margin-bottom: 5px;\">iPad<\/li>\n<li style=\"margin-bottom: 5px;\">MacBook<\/li>\n<li style=\"margin-bottom: 5px;\">Smartphones Android<\/li>\n<li style=\"margin-bottom: 5px;\">Tablets<\/li>\n<\/ul><\/div>\n<\/p><\/div>\n<p> <!-- Separador --><\/p>\n<hr style=\"border: 0; border-top: 1px solid rgba(150&comma; 150&comma; 150&comma; 0.3); margin: 30px 0;\" \/><\/div>\n","protected":false},"excerpt":{"rendered":"<p>Cargador Mini de 30W | 1 USB-C de Carga R\u00e1pida | Tecnolog\u00eda GaN II | Carga Inteligente | M\u00faltiple Protecci\u00f3n | Mayor Eficiencia Energ\u00e9tica | Tama\u00f1o Compacto.<\/p>\n","protected":false},"featured_media":100305,"comment_status":"open","ping_status":"closed","template":"","meta":[],"product_brand":[],"product_cat":[1235],"product_tag":[417,1236,650],"class_list":{"0":"post-100306","1":"product","2":"type-product","3":"status-publish","4":"has-post-thumbnail","6":"product_cat-accesorios-para-computadora-y-smartphones","7":"product_tag-accesorios-generales","8":"product_tag-accesorios-para-computadora-y-smartphones","9":"product_tag-ugreen","11":"first","12":"outofstock","13":"sale","14":"shipping-taxable","15":"purchasable","16":"product-type-simple"},"_links":{"self":[{"href":"https:\/\/soydeaqui.ddns.net\/pachuca\/index.php\/wp-json\/wp\/v2\/product\/100306","targetHints":{"allow":["GET"]}}],"collection":[{"href":"https:\/\/soydeaqui.ddns.net\/pachuca\/index.php\/wp-json\/wp\/v2\/product"}],"about":[{"href":"https:\/\/soydeaqui.ddns.net\/pachuca\/index.php\/wp-json\/wp\/v2\/types\/product"}],"replies":[{"embeddable":true,"href":"https:\/\/soydeaqui.ddns.net\/pachuca\/index.php\/wp-json\/wp\/v2\/comments?post=100306"}],"wp:featuredmedia":[{"embeddable":true,"href":"https:\/\/soydeaqui.ddns.net\/pachuca\/index.php\/wp-json\/wp\/v2\/media\/100305"}],"wp:attachment":[{"href":"https:\/\/soydeaqui.ddns.net\/pachuca\/index.php\/wp-json\/wp\/v2\/media?parent=100306"}],"wp:term":[{"taxonomy":"product_brand","embeddable":true,"href":"https:\/\/soydeaqui.ddns.net\/pachuca\/index.php\/wp-json\/wp\/v2\/product_brand?post=100306"},{"taxonomy":"product_cat","embeddable":true,"href":"https:\/\/soydeaqui.ddns.net\/pachuca\/index.php\/wp-json\/wp\/v2\/product_cat?post=100306"},{"taxonomy":"product_tag","embeddable":true,"href":"https:\/\/soydeaqui.ddns.net\/pachuca\/index.php\/wp-json\/wp\/v2\/product_tag?post=100306"}],"curies":[{"name":"wp","href":"https:\/\/api.w.org\/{rel}","templated":true}]}}