{"id":100228,"date":"2026-03-20T11:04:14","date_gmt":"2026-03-20T11:04:14","guid":{"rendered":"https:\/\/soydeaqui.ddns.net\/pachuca\/index.php\/producto\/nvr-12-megapixel-8k-256-canales-ip-16-bahias-de-disco-duro-4-puertos-de-red-soporta-raid-con-hot-swap-nvr-de-alto-desempeno\/"},"modified":"2026-03-20T11:04:15","modified_gmt":"2026-03-20T11:04:15","slug":"nvr-12-megapixel-8k-256-canales-ip-16-bahias-de-disco-duro-4-puertos-de-red-soporta-raid-con-hot-swap-nvr-de-alto-desempeno","status":"publish","type":"product","link":"https:\/\/soydeaqui.ddns.net\/pachuca\/index.php\/producto\/nvr-12-megapixel-8k-256-canales-ip-16-bahias-de-disco-duro-4-puertos-de-red-soporta-raid-con-hot-swap-nvr-de-alto-desempeno\/","title":{"rendered":"NVR 12 Megapixel (8K) \/ 256 canales IP \/ 16 Bah\u00edas de Disco Duro \/ 4 Puertos de Red \/ Soporta RAID con Hot Swap \/ NVR de Alto Desempe\u00f1o"},"content":{"rendered":"<div style='width: 100%; max-width: 1200px; margin: 0 auto; font-family: sans-serif; line-height: 1.6; color: inherit; background-color: transparent;'> <!-- Logo Hikvision --> <\/p>\n<div style='text-align: center; margin-bottom: 30px;'> <img style='width: 45%; height: auto; border: 1px solid rgba(150&comma;150&comma;150&comma;0.3); border-radius: 8px;' src='https:\/\/ftp3.syscom.mx\/usuarios\/jsosa\/HIKVISION\/imagenes\/logo\/hikvision%20see%20far.png' alt='Logo Hikvision'> <\/div>\n<p> <!-- Secci\u00f3n principal con grid --> <\/p>\n<div style='display: grid; grid-template-columns: repeat(auto-fit&comma; minmax(280px&comma; 1fr)); gap: 30px; margin-bottom: 30px;'> <!-- Caracter\u00edsticas principales --> <\/p>\n<div style='border: 1px solid rgba(150&comma; 150&comma; 150&comma; 0.4); border-radius: 8px; overflow: hidden;'>\n<div style='padding: 15px; background-color: rgba(255&comma; 0&comma; 0&comma; 0.1); border-bottom: 1px solid rgba(150&comma; 150&comma; 150&comma; 0.2); font-weight: bold; font-size: 18px; color: inherit;'>Caracter\u00edsticas principales<\/div>\n<div style='padding: 15px; color: inherit;'>\n<ul style='padding-left: 20px; margin: 0; font-size: 14px; list-style-type: disc;'>\n<li style='margin-bottom: 5px;'>Compresi\u00f3n: H.265+ \/ H.265 \/ H.264+ \/ H.264<\/li>\n<li style='margin-bottom: 5px;'>Soporta mouse USB para operar el NVR (Incluido)<\/li>\n<li style='margin-bottom: 5px;'>Soporta PTZ<\/li>\n<li style='margin-bottom: 5px;'>Soporta grabaci\u00f3n redundante<\/li>\n<li style='margin-bottom: 5px;'>Soporta b\u00fasqueda de agenda en forma local o remota<\/li>\n<li style='margin-bottom: 5px;'>Soporta Hot Swap con RAID: 0&comma;1&comma;5&comma;6&comma;10 (Capacidad de disco duro m\u00ednima de 4 TB para RAID)<\/li>\n<li style='margin-bottom: 5px;'>Soporta tecnolog\u00eda ANR con c\u00e1mara IP HIKVISION cuando la red est\u00e1 desconectada<\/li>\n<li style='margin-bottom: 5px;'>Soporta Hot Spare para que nunca se pierda la grabaci\u00f3n en caso de que el NVR este fallando (se requiere otro NVR que tambi\u00e9n soporte la funci\u00f3n)<\/li>\n<li style='margin-bottom: 5px;'>Soporta acceso remoto v\u00eda tel\u00e9fono: Android&comma; iPhone&comma; iPad (app IVMS-4500 \/ Hik-Connect)<\/li>\n<li style='margin-bottom: 5px;'>Compatibilidad con navegadores IE&comma; Safari y Chrome (ietab)<\/li>\n<li style='margin-bottom: 5px;'>Software cliente multi sitio IVMS-4200 (gratuito)<\/li>\n<li style='margin-bottom: 5px;'>Cuenta con sistema DAS de 16 bah\u00edas internas de hasta 10 TB c\/u (160 TB en total)<\/li>\n<li style='margin-bottom: 5px;'>Soporta ONVIF (Versi\u00f3n 2.5)<\/li>\n<li style='margin-bottom: 5px;'>Soporta m\u00faltiples marcas como: HIKVISION&comma; ACTi&comma; ARECONT&comma; AXIS&comma; BOSCH&comma; BRICKCOM&comma; CANON&comma; HUNT&comma; PANASONIC&comma; PELCO&comma; PSIA&comma; RTSP&comma; SAMSUNG&comma; SONY&comma; VIVOTEK&comma; ZAVIO<\/li>\n<\/ul><\/div>\n<\/p><\/div>\n<p> <!-- Caracter\u00edsticas F\u00edsicas y El\u00e9ctricas --> <\/p>\n<div style='border: 1px solid rgba(150&comma; 150&comma; 150&comma; 0.4); border-radius: 8px; overflow: hidden;'>\n<div style='padding: 15px; background-color: rgba(255&comma; 0&comma; 0&comma; 0.1); border-bottom: 1px solid rgba(150&comma; 150&comma; 150&comma; 0.2); font-weight: bold; font-size: 18px; color: inherit;'>Caracter\u00edsticas F\u00edsicas y El\u00e9ctricas<\/div>\n<div style='padding: 15px; color: inherit;'>\n<ul style='padding-left: 20px; margin: 0; font-size: 14px; list-style-type: disc;'>\n<li style='margin-bottom: 5px;'>Soporta fuentes redundantes y ventilador para enfriamiento (incluidos)<\/li>\n<li style='margin-bottom: 5px;'>Dimensiones: 442 \u00d7 494 \u00d7 146 mm (3U rack)<\/li>\n<li style='margin-bottom: 5px;'>Consumo: 140 W sin discos duros<\/li>\n<li style='margin-bottom: 5px;'>Alimentaci\u00f3n: 100 a 240 Vca&comma; 550 W<\/li>\n<li style='margin-bottom: 5px;'>Temperatura de operaci\u00f3n: 0 a 50 \u00b0C<\/li>\n<li style='margin-bottom: 5px;'>Peso: 16 Kg sin discos duros<\/li>\n<li style='margin-bottom: 5px;'>Garant\u00eda: 5 a\u00f1os<\/li>\n<\/ul>\n<div style='margin-top: 20px;'>\n<div style='font-weight: bold; margin-bottom: 10px; color: inherit;'>Funciones de Grabaci\u00f3n y Visualizaci\u00f3n<\/div>\n<ul style='padding-left: 20px; margin: 0; font-size: 14px; list-style-type: disc;'>\n<li style='margin-bottom: 5px;'>Detecci\u00f3n de movimiento multizona<\/li>\n<li style='margin-bottom: 5px;'>Zoom digital en visualizaci\u00f3n y grabaci\u00f3n<\/li>\n<li style='margin-bottom: 5px;'>Soporta m\u00faltiples tipos de grabaci\u00f3n&comma; incluyendo tiempo real&comma; grabaci\u00f3n manual&comma; video sensor&comma; alarma externa&comma; video sensor y alarma&comma; video sensor o alarma<\/li>\n<li style='margin-bottom: 5px;'>Reproducci\u00f3n de grabaci\u00f3n hasta 16 canales simult\u00e1neos<\/li>\n<li style='margin-bottom: 5px;'>Soporta grabaci\u00f3n de hasta 12 MP por canal<\/li>\n<\/ul><\/div>\n<\/p><\/div>\n<\/p><\/div>\n<p> <!-- Capacidad de procesamiento y funciones de red --> <\/p>\n<div style='border: 1px solid rgba(150&comma; 150&comma; 150&comma; 0.4); border-radius: 8px; overflow: hidden;'>\n<div style='padding: 15px; background-color: rgba(255&comma; 0&comma; 0&comma; 0.1); border-bottom: 1px solid rgba(150&comma; 150&comma; 150&comma; 0.2); font-weight: bold; font-size: 18px; color: inherit;'>Capacidad de procesamiento y funciones de red<\/div>\n<div style='padding: 15px; color: inherit;'>\n<ul style='padding-left: 20px; margin: 0; font-size: 14px; list-style-type: disc;'>\n<li style='margin-bottom: 5px;'>Throughput entrada: 768 Mbps (768 Mbps en modo RAID)<\/li>\n<li style='margin-bottom: 5px;'>Throughput salida: 768 Mbps (768 Mbps en modo RAID)<\/li>\n<li style='margin-bottom: 5px;'>Soporta 4 tarjetas de red 10\/100\/1000 Mbps<\/li>\n<li style='margin-bottom: 5px;'>Soporta Failover (tolerancia a fallos)&comma; Multi address y Balanceo de cargas<\/li>\n<li style='margin-bottom: 5px;'>Protocolos: IPv6&comma; HTTPS&comma; UPnP&comma; SNMP&comma; NTP&comma; SADP&comma; SMTP&comma; NFS&comma; iSCSI&comma; PPPoE<\/li>\n<li style='margin-bottom: 5px;'>Soporta DDNS: DynDNS&comma; No-IP<\/li>\n<\/ul>\n<div style='margin-top: 20px;'>\n<div style='font-weight: bold; margin-bottom: 10px; color: inherit;'>Resoluci\u00f3n de grabaci\u00f3n por canal (recomendado con H.265)<\/div>\n<ul style='padding-left: 20px; margin: 0; font-size: 14px; list-style-type: disc;'>\n<li style='margin-bottom: 5px;'>1 Megapixel: 256 canales @ 30 IPS<\/li>\n<li style='margin-bottom: 5px;'>2 Megapixel: 256 canales @ 30 IPS<\/li>\n<li style='margin-bottom: 5px;'>5 Megapixel: 256 canales @ 15 IPS<\/li>\n<li style='margin-bottom: 5px;'>8 Megapixel (4K): 200 canales @ 10 IPS<\/li>\n<\/ul>\n<div style='margin-top: 10px; font-size: 13px; color: inherit; opacity: 0.8;'> <strong>Nota:<\/strong> El n\u00famero de canales en grabaci\u00f3n puede variar dependiendo de la resoluci\u00f3n de las c\u00e1maras&comma; IPS y bit rate&comma; para mayor informaci\u00f3n consulte con el departamento de Ingenier\u00eda SYSCOM. <\/div>\n<\/p><\/div>\n<div style='margin-top: 20px;'>\n<div style='font-weight: bold; margin-bottom: 10px; color: inherit;'>Interfaces Entradas \/ Salidas<\/div>\n<ul style='padding-left: 20px; margin: 0; font-size: 14px; list-style-type: disc;'>\n<li style='margin-bottom: 5px;'>HDMI 1 y HDMI 2 (salidas independientes): 4K \/ 1080p \/ 720p<\/li>\n<li style='margin-bottom: 5px;'>VGA: 1080p \/ 720p<\/li>\n<li style='margin-bottom: 5px;'>Entradas de alarma: 16<\/li>\n<li style='margin-bottom: 5px;'>Salidas de alarma: 8<\/li>\n<li style='margin-bottom: 5px;'>Soporta entrada y salida de audio en RCA (audio bidireccional)<\/li>\n<\/ul><\/div>\n<\/p><\/div>\n<\/p><\/div>\n<\/p><\/div>\n<p> <!-- Consideraciones --> <\/p>\n<div style='border: 1px solid rgba(150&comma; 150&comma; 150&comma; 0.4); border-radius: 8px; overflow: hidden; margin-bottom: 30px;'>\n<div style='padding: 15px; background-color: rgba(255&comma; 0&comma; 0&comma; 0.1); border-bottom: 1px solid rgba(150&comma; 150&comma; 150&comma; 0.2); font-weight: bold; font-size: 18px; color: inherit;'>Consideraciones<\/div>\n<div style='padding: 15px; color: inherit; font-size: 14px;'>\n<ul style='padding-left: 20px; margin: 0; list-style-type: disc;'>\n<li>El sistema requiere configuraci\u00f3n t\u00e9cnica adecuada<\/li>\n<li>Se recomienda asesor\u00eda especializada para implementaciones complejas<\/li>\n<li>Verificar compatibilidad con c\u00e1maras existentes en caso de expansi\u00f3n<\/li>\n<\/ul><\/div>\n<\/p><\/div>\n<p> <!-- Banner soluci\u00f3n completa --> <\/p>\n<div style='margin-top: 30px;'> <img style='width: 100%; height: auto; border: 1px solid rgba(150&comma;150&comma;150&comma;0.3); border-radius: 8px;' src='https:\/\/ftp3.syscom.mx\/usuarios\/jsosa\/HIKVISION\/imagenes\/banners\/solution%20complete.png' alt='Soluci\u00f3n completa Hikvision'> <\/div>\n<\/p><\/div>\n","protected":false},"excerpt":{"rendered":"<p>NVR 12 Megapixel (8K) \/ 256 canales IP \/ 16 Bah\u00edas de Disco Duro \/ 4 Puertos de Red \/ Soporta RAID con Hot Swap \/ NVR de Alto Desempe\u00f1o<\/p>\n","protected":false},"featured_media":100227,"comment_status":"open","ping_status":"closed","template":"","meta":[],"product_brand":[],"product_cat":[2234],"product_tag":[122,54,2235],"class_list":{"0":"post-100228","1":"product","2":"type-product","3":"status-publish","4":"has-post-thumbnail","6":"product_cat-nvrs-network-video-recorders","7":"product_tag-camaras-ip-y-nvrs","8":"product_tag-hikvision","9":"product_tag-nvrs-network-video-recorders","11":"first","12":"instock","13":"sale","14":"shipping-taxable","15":"purchasable","16":"product-type-simple"},"_links":{"self":[{"href":"https:\/\/soydeaqui.ddns.net\/pachuca\/index.php\/wp-json\/wp\/v2\/product\/100228","targetHints":{"allow":["GET"]}}],"collection":[{"href":"https:\/\/soydeaqui.ddns.net\/pachuca\/index.php\/wp-json\/wp\/v2\/product"}],"about":[{"href":"https:\/\/soydeaqui.ddns.net\/pachuca\/index.php\/wp-json\/wp\/v2\/types\/product"}],"replies":[{"embeddable":true,"href":"https:\/\/soydeaqui.ddns.net\/pachuca\/index.php\/wp-json\/wp\/v2\/comments?post=100228"}],"wp:featuredmedia":[{"embeddable":true,"href":"https:\/\/soydeaqui.ddns.net\/pachuca\/index.php\/wp-json\/wp\/v2\/media\/100227"}],"wp:attachment":[{"href":"https:\/\/soydeaqui.ddns.net\/pachuca\/index.php\/wp-json\/wp\/v2\/media?parent=100228"}],"wp:term":[{"taxonomy":"product_brand","embeddable":true,"href":"https:\/\/soydeaqui.ddns.net\/pachuca\/index.php\/wp-json\/wp\/v2\/product_brand?post=100228"},{"taxonomy":"product_cat","embeddable":true,"href":"https:\/\/soydeaqui.ddns.net\/pachuca\/index.php\/wp-json\/wp\/v2\/product_cat?post=100228"},{"taxonomy":"product_tag","embeddable":true,"href":"https:\/\/soydeaqui.ddns.net\/pachuca\/index.php\/wp-json\/wp\/v2\/product_tag?post=100228"}],"curies":[{"name":"wp","href":"https:\/\/api.w.org\/{rel}","templated":true}]}}