{"id":100023,"date":"2026-03-20T10:54:25","date_gmt":"2026-03-20T10:54:25","guid":{"rendered":"https:\/\/soydeaqui.ddns.net\/pachuca\/index.php\/producto\/dock-station-8-puertos-para-escritorio-recoleccion-y-carga-de-datos-corporales-interfaces-de-red-dual-1000-m-anr-reproduccion-multimedios-linux-indicadores-y-gestion-de-registros\/"},"modified":"2026-03-20T10:54:33","modified_gmt":"2026-03-20T10:54:33","slug":"dock-station-8-puertos-para-escritorio-recoleccion-y-carga-de-datos-corporales-interfaces-de-red-dual-1000-m-anr-reproduccion-multimedios-linux-indicadores-y-gestion-de-registros","status":"publish","type":"product","link":"https:\/\/soydeaqui.ddns.net\/pachuca\/index.php\/producto\/dock-station-8-puertos-para-escritorio-recoleccion-y-carga-de-datos-corporales-interfaces-de-red-dual-1000-m-anr-reproduccion-multimedios-linux-indicadores-y-gestion-de-registros\/","title":{"rendered":"Dock Station 8 Puertos para Escritorio \/ Recolecci\u00f3n y Carga de Datos Corporales \/ Interfaces de Red Dual 1000 M \/ ANR \/ Reproducci\u00f3n Multimedios \/ Linux \/ Indicadores y Gesti\u00f3n de Registros"},"content":{"rendered":"<div style='width: 100%; max-width: 1200px; margin: 0 auto; font-family: sans-serif; line-height: 1.6; color: inherit; background-color: transparent;'>\n<div style='display: flex; flex-wrap: wrap; gap: 30px; margin-bottom: 30px;'>\n<div style='flex: 1 1 300px; min-width: 280px;'>\n<p style='text-align: center; margin-bottom: 20px;'> <img style='width: 45%; height: auto; border: 1px solid rgba(150&comma;150&comma;150&comma;0.3); border-radius: 8px;' src='https:\/\/ftp3.syscom.mx\/usuarios\/jsosa\/HIKVISION\/imagenes\/logo\/hikvision%20see%20far.png' alt='Logo Hikvision'> <\/p>\n<h3 style='font-size: 22px; border-bottom: 2px solid currentColor; padding-bottom: 5px; margin-top: 0; color: inherit; opacity: 0.8;'>Descripci\u00f3n General<\/h3>\n<p style='font-size: 15px; color: inherit;'>La estaci\u00f3n de acoplamiento de escritorio de 8 puertos est\u00e1 dise\u00f1ada para la recolecci\u00f3n de datos de c\u00e1maras corporales. Proporciona una forma simplificada de acceder y respaldar datos&comma; cargando&comma; subiendo datos y limpiando el espacio de almacenamiento autom\u00e1ticamente&comma; previniendo la p\u00e9rdida de datos a trav\u00e9s de ANR.<\/p>\n<\/p><\/div>\n<\/p><\/div>\n<div style='display: flex; flex-wrap: wrap; gap: 30px; margin-bottom: 30px;'>\n<div style='flex: 1 1 400px; min-width: 280px;'>\n<div style='border: 1px solid rgba(150&comma; 150&comma; 150&comma; 0.4); border-radius: 8px; overflow: hidden; display: flex; flex-direction: column; height: 100%;'>\n<div style='padding: 15px; border-bottom: 1px solid rgba(150&comma; 150&comma; 150&comma; 0.2); font-weight: bold; font-size: 18px; color: inherit;'>Caracter\u00edsticas principales<\/div>\n<div style='padding: 15px; color: inherit;'>\n<ul style='padding-left: 20px; margin: 0; font-size: 14px; list-style-type: disc;'>\n<li style='margin-bottom: 5px;'>Interfaz de red dual de 1000 Mbps.<\/li>\n<li style='margin-bottom: 5px;'>Recolecci\u00f3n de datos de m\u00faltiples c\u00e1maras corporales de forma simult\u00e1nea.<\/li>\n<li style='margin-bottom: 5px;'>Carga y almacenamiento c\u00edclico de informaci\u00f3n.<\/li>\n<li style='margin-bottom: 5px;'>Gesti\u00f3n de registros del sistema.<\/li>\n<li style='margin-bottom: 5px;'>Prevenci\u00f3n de p\u00e9rdida de datos mediante ANR (Automatic Network Replenishment).<\/li>\n<li style='margin-bottom: 5px;'>Reproducci\u00f3n de videos&comma; audios e im\u00e1genes a trav\u00e9s del servicio web.<\/li>\n<li style='margin-bottom: 5px;'>Limpieza autom\u00e1tica del espacio de almacenamiento.<\/li>\n<li style='margin-bottom: 5px;'>Soporta hasta 8 c\u00e1maras corporales conectadas simult\u00e1neamente.<\/li>\n<li style='margin-bottom: 5px;'>Sistema operativo Linux.<\/li>\n<\/ul><\/div>\n<\/p><\/div>\n<\/p><\/div>\n<div style='flex: 1 1 400px; min-width: 280px;'>\n<div style='border: 1px solid rgba(150&comma; 150&comma; 150&comma; 0.4); border-radius: 8px; overflow: hidden; display: flex; flex-direction: column; height: 100%;'>\n<div style='padding: 15px; border-bottom: 1px solid rgba(150&comma; 150&comma; 150&comma; 0.2); font-weight: bold; font-size: 18px; color: inherit;'>Interfaces y Conectividad<\/div>\n<div style='padding: 15px; color: inherit;'>\n<ul style='padding-left: 20px; margin: 0; font-size: 14px; list-style-type: disc;'>\n<li style='margin-bottom: 5px;'>1 \u00d7 Puerto USB 3.0.<\/li>\n<li style='margin-bottom: 5px;'>2 \u00d7 Puertos USB 2.0.<\/li>\n<li style='margin-bottom: 5px;'>Interfaz de red dual 1000 Mbps.<\/li>\n<li style='margin-bottom: 5px;'>Conectividad LAN y Wi-Fi.<\/li>\n<\/ul><\/div>\n<\/p><\/div>\n<\/p><\/div>\n<\/p><\/div>\n<div style='display: flex; flex-wrap: wrap; gap: 30px; margin-bottom: 30px;'>\n<div style='flex: 1 1 300px; min-width: 280px;'>\n<div style='border: 1px solid rgba(150&comma; 150&comma; 150&comma; 0.4); border-radius: 8px; overflow: hidden; display: flex; flex-direction: column;'>\n<div style='padding: 15px; border-bottom: 1px solid rgba(150&comma; 150&comma; 150&comma; 0.2); font-weight: bold; font-size: 18px; color: inherit;'>Aplicaciones y Casos de Uso<\/div>\n<div style='padding: 15px; color: inherit;'>\n<ul style='padding-left: 20px; margin: 0; font-size: 14px; list-style-type: disc;'>\n<li style='margin-bottom: 5px;'>Dise\u00f1ada para departamentos de polic\u00eda y cuerpos de seguridad.<\/li>\n<li style='margin-bottom: 5px;'>Permite la gesti\u00f3n centralizada de datos de c\u00e1maras corporales del personal en servicio.<\/li>\n<li style='margin-bottom: 5px;'>Integraci\u00f3n con plataformas centrales HikCentral Pro y HikCentral Master.<\/li>\n<li style='margin-bottom: 5px;'>Acceso y administraci\u00f3n de informaci\u00f3n mediante clientes m\u00f3viles y web.<\/li>\n<li style='margin-bottom: 5px;'>Soporte para transmisi\u00f3n y almacenamiento de datos a trav\u00e9s de redes LAN y Wi-Fi.<\/li>\n<li style='margin-bottom: 5px;'>Compatible con navegadores IE 10+&comma; Chrome 57.0+ y Firefox 52.0+.<\/li>\n<\/ul><\/div>\n<\/p><\/div>\n<\/p><\/div>\n<div style='flex: 1 1 300px; min-width: 280px;'>\n<div style='border: 1px solid rgba(150&comma; 150&comma; 150&comma; 0.4); border-radius: 8px; overflow: hidden; display: flex; flex-direction: column;'>\n<div style='padding: 15px; border-bottom: 1px solid rgba(150&comma; 150&comma; 150&comma; 0.2); font-weight: bold; font-size: 18px; color: inherit;'>Consideraciones para transmisi\u00f3n y centralizaci\u00f3n remota<\/div>\n<div style='padding: 15px; color: inherit;'>\n<ul style='padding-left: 20px; margin: 0; font-size: 14px; list-style-type: disc;'>\n<li style='margin-bottom: 5px;'> <a style='color: #005cb9; text-decoration: none; font-weight: 600;' href='https:\/\/www.syscom.mx\/principal\/searchcont?route=HC-P-VSS-B\/0C-HIKVISION-188079&#038;autodetect=hcp'>HC-P-VSS-B\/0C<\/a>: Licencia Base para el software HikCentral Professional. <\/li>\n<li style='margin-bottom: 5px;'> <a style='color: #005cb9; text-decoration: none; font-weight: 600;' href='https:\/\/www.syscom.mx\/principal\/searchcont?route=HC-P-BWC\/1C-HIKVISION-224585&#038;autodetect=hcpbwc'>HC-P-BWC\/1C<\/a>: Licencia para a\u00f1adir una Body Camera Port\u00e1til (incluye el uso de Dock Station). <\/li>\n<li style='margin-bottom: 5px;'> <a style='color: #005cb9; text-decoration: none; font-weight: 600;' href='https:\/\/www.syscom.mx\/principal\/searchcont?route=HC-PSTORE\/SB-HIKVISION-165615&#038;autodetect=hcp'>HC-PSTORE\/SB<\/a>: Licencia Base de Pstore para captura de imagen (solo una por servidor). <\/li>\n<\/ul>\n<p style='margin-top: 15px; margin-bottom: 10px; font-size: 14px; color: inherit;'>Esta soluci\u00f3n requiere infraestructura de red adicional:<\/p>\n<ul style='padding-left: 20px; margin: 0; font-size: 14px; list-style-type: disc;'>\n<li style='margin-bottom: 5px;'>Se requiere un servidor (PC) dedicado para colocar las licencias del software HikCentral Professional. En este servidor se dejan corriendo los servicios para poder consultar video en vivo&comma; ver grabaciones y posicionamiento de manera remota. (Recomendado: servidor m\u00ednimo Core i5 y 8 GB de RAM).<\/li>\n<li style='margin-bottom: 5px;'>Se requiere tener una IP p\u00fablica fija (dedicada) y un buen ancho de banda&comma; dependiendo del n\u00famero de DVRs m\u00f3viles a centralizar.<\/li>\n<\/ul><\/div>\n<\/p><\/div>\n<\/p><\/div>\n<\/p><\/div>\n<\/p><\/div>\n","protected":false},"excerpt":{"rendered":"<p>Dock Station 8 Puertos para Escritorio \/ Recolecci\u00f3n y Carga de Datos Corporales \/ Interfaces de Red Dual 1000 M \/ ANR \/ Reproducci\u00f3n Multimedios \/ Linux \/ Indicadores y Gesti\u00f3n de Registros<\/p>\n","protected":false},"featured_media":100022,"comment_status":"open","ping_status":"closed","template":"","meta":[],"product_brand":[],"product_cat":[1408,1406],"product_tag":[93,1409,54,1345],"class_list":{"0":"post-100023","1":"product","2":"type-product","3":"status-publish","4":"has-post-thumbnail","6":"product_cat-accesorios-dash-cams-y-body-cams","7":"product_cat-videograbadoras-moviles-videovigilancia","8":"product_tag-accesorios","9":"product_tag-dash-cams-y-body-cams","10":"product_tag-hikvision","11":"product_tag-videograbadoras-moviles","13":"first","14":"outofstock","15":"sale","16":"shipping-taxable","17":"purchasable","18":"product-type-simple"},"_links":{"self":[{"href":"https:\/\/soydeaqui.ddns.net\/pachuca\/index.php\/wp-json\/wp\/v2\/product\/100023","targetHints":{"allow":["GET"]}}],"collection":[{"href":"https:\/\/soydeaqui.ddns.net\/pachuca\/index.php\/wp-json\/wp\/v2\/product"}],"about":[{"href":"https:\/\/soydeaqui.ddns.net\/pachuca\/index.php\/wp-json\/wp\/v2\/types\/product"}],"replies":[{"embeddable":true,"href":"https:\/\/soydeaqui.ddns.net\/pachuca\/index.php\/wp-json\/wp\/v2\/comments?post=100023"}],"wp:featuredmedia":[{"embeddable":true,"href":"https:\/\/soydeaqui.ddns.net\/pachuca\/index.php\/wp-json\/wp\/v2\/media\/100022"}],"wp:attachment":[{"href":"https:\/\/soydeaqui.ddns.net\/pachuca\/index.php\/wp-json\/wp\/v2\/media?parent=100023"}],"wp:term":[{"taxonomy":"product_brand","embeddable":true,"href":"https:\/\/soydeaqui.ddns.net\/pachuca\/index.php\/wp-json\/wp\/v2\/product_brand?post=100023"},{"taxonomy":"product_cat","embeddable":true,"href":"https:\/\/soydeaqui.ddns.net\/pachuca\/index.php\/wp-json\/wp\/v2\/product_cat?post=100023"},{"taxonomy":"product_tag","embeddable":true,"href":"https:\/\/soydeaqui.ddns.net\/pachuca\/index.php\/wp-json\/wp\/v2\/product_tag?post=100023"}],"curies":[{"name":"wp","href":"https:\/\/api.w.org\/{rel}","templated":true}]}}